 114. Give b(-27).
-6
Let x(u) = -u**3 - 10*u**2 - 4*u + 3. Give x(-10).
43
Let w(q) = -8*q + 3. What is w(1)?
-5
Let u(k) = k - 12. Calculate u(-5).
-17
Let x(r) = -r**3 - 8*r**2 - 4*r - 8. Determine x(-8).
24
Let t(i) = -14*i - 14. What is t(-3)?
28
Let k(z) = 3*z**2 + 17*z + 46. What is k(-4)?
26
Let u(z) = -z + 3. Determine u(0).
3
Let a(v) = v**3 - 12*v**2 - 14*v + 1. Calculate a(13).
-12
Let y(d) = -d**3 + 2*d**2 + 6*d - 7. Give y(3).
2
Let c(o) = 17*o**3 - o**2. What is c(1)?
16
Let i(j) = j**2 - 3*j + 2. Give i(3).
2
Let x(u) = u**3 - 18*u**2 + 27*u + 13. Calculate x(16).
-67
Let w(r) = -r**2 + 3*r + 4. What is w(0)?
4
Let a(i) = i**3 - 5*i**2 - 17*i + 18. What is a(7)?
-3
Let l(i) = -i**3 - 20*i**2 - 21*i - 10. Determine l(-19).
28
Let i(l) = 250*l - 1249. Calculate i(5).
1
Let u(b) = -4*b - 7. Give u(-4).
9
Let n(s) = -s**2 + 9*s + 10. What is n(10)?
0
Let y(q) = q**2 - 10*q + 14. Determine y(12).
38
Let n(c) = c**3 - 11*c**2 - 7. What is n(11)?
-7
Let i(c) = 2*c**3 - 2*c**2 + 4*c - 9. What is i(2)?
7
Let r(m) = 6*m - 7. Determine r(-7).
-49
Let n(d) = -2*d**2 - 12*d + 5. Calculate n(4).
-75
Let a(j) = j**2 - 3*j - 5. Calculate a(6).
13
Let j(q) = -q**2 + 20*q - 83. Determine j(15).
-8
Let s(l) = 2*l**2 - 5*l - 4. Calculate s(3).
-1
Let l(p) = -p**2 - 8*p + 11. What is l(-9)?
2
Let d(r) = 172*r - 1038. Give d(6).
-6
Let o(i) = i**2 - 7*i + 1. What is o(6)?
-5
Let n(q) = -q**3 + 12*q**2 + 14*q + 5. Give n(13).
18
Let n(l) = -l - 7. What is n(4)?
-11
Let q(y) = y**2 - 8*y - 2. Give q(7).
-9
Let n(d) = -4*d - 9. Calculate n(-6).
15
Let q(k) = 3*k**2 + 7*k + 11. What is q(-2)?
9
Let l(u) = -6*u + 139. Determine l(21).
13
Let h(u) = 59*u - 226. Give h(4).
10
Let w(a) = 86*a**2 - a + 1. What is w(1)?
86
Let r(m) = m**3 - 5*m**2 + 5*m - 8. Give r(5).
17
Let a(u) = -18*u**2 + 102*u + 34. Give a(6).
-2
Let w(g) = -g**3 - 15*g**2 + g + 8. Give w(-15).
-7
Let n(v) = 2*v + 8. Determine n(-14).
-20
Let q(w) = 4*w**2 + 3*w - 1. Determine q(-2).
9
Let b(p) = p**3 - 5*p**2 + p + 15. What is b(5)?
20
Let p(c) = 2*c - 1. Calculate p(8).
15
Let g(b) = -16*b - 42. Give g(-3).
6
Let i(y) = -y**2 + 3*y. What is i(3)?
0
Let q(p) = 22*p + 173. What is q(-8)?
-3
Let k(n) = -4*n - 56. Give k(-25).
44
Let s(z) = -z**3 + 8*z**2 - 6*z - 2. Calculate s(9).
-137
Let c(r) = -2*r - 16. Give c(7).
-30
Let j(r) = r**2 + 7*r + 2. Calculate j(0).
2
Let x(i) = -2*i - 5. Determine x(0).
-5
Let d(b) = -2*b**3 + b + 2. What is d(-2)?
16
Let x(v) = -4*v - 1. What is x(-6)?
23
Let r(o) = o**3 - 23*o**2 + 46*o - 14. What is r(21)?
70
Let w(i) = -i**2 + 13*i - 32. Determine w(10).
-2
Let y(n) = -15*n - 21. What is y(-1)?
-6
Let d(t) = t**2 + 6*t - 6. Calculate d(4).
34
Let p(w) = 14*w + 8. What is p(4)?
64
Let v(h) = -2*h**2 + 14*h - 11. Give v(5).
9
Let a(p) = -2*p**2 - 69*p - 94. Give a(-33).
5
Let y(b) = 4*b + 9. Give y(-6).
-15
Let s(g) = g**2 - 10*g + 8. Calculate s(3).
-13
Let i(l) = -l + 15. What is i(16)?
-1
Let d(p) = p**3 - 9*p**2 - 7*p - 17. Give d(10).
13
Let q(a) = 6*a + 24. Give q(-19).
-90
Let x(o) = -o + 30. What is x(13)?
17
Let n(i) = -3*i + 2. What is n(3)?
-7
Let j(c) = -2*c**2 + 13*c + 18. What is j(7)?
11
Let j(m) = 33*m + 4. What is j(2)?
70
Let w(a) = 2*a**2 + 27*a - 12. Calculate w(-14).
2
Let s(q) = -8*q - 43. Give s(-14).
69
Let c(w) = -w**3 - 29*w**2 - 9. Calculate c(-29).
-9
Let w(p) = -3*p - 33. Give w(-7).
-12
Let h(s) = -s + 1. Determine h(-5).
6
Let d(y) = 4*y - 12. Calculate d(8).
20
Let b(d) = -2*d - 35. Give b(-15).
-5
Let a(r) = 2*r - 41. Determine a(19).
-3
Let r(x) = -x**3 + 6*x**2 - 4. What is r(6)?
-4
Let m(t) = -t**3 + 14*t**2 - 13*t + 9. Give m(13).
9
Let m(b) = -b**3 + 16*b**2 - 25*b - 13. What is m(14)?
29
Let x(u) = -u**3 + 26*u**2 + 2*u - 55. Calculate x(26).
-3
Let s(l) = -l**2 - 25*l - 33. Give s(-24).
-9
Let v(r) = 8*r + 134. Calculate v(-17).
-2
Let w(p) = p**3 - p**2 + p - 15. Determine w(0).
-15
Let k(v) = -v**3 + 27*v**2 - 25*v - 24. What is k(26)?
2
Let q(n) = 7*n**2 - n + 1. Calculate q(3).
61
Let x(t) = -t**2 - 6*t + 13. What is x(-13)?
-78
Let v(f) = f**3 - 16*f**2 - 2*f + 36. Give v(16).
4
Let c(n) = -6*n + 43. Give c(0).
43
Let b(r) = 3*r**2 + 142*r + 310. Calculate b(-45).
-5
Let g(o) = -4*o - 21. Determine g(-4).
-5
Let h(n) = n**3 + 15*n**2 - 19*n - 51. Determine h(-16).
-3
Let v(o) = 117*o**2 - 2*o + 2. Determine v(1).
117
Let a(o) = 15*o + 68. Calculate a(-5).
-7
Let l(j) = j**2 + 62*j + 879. What is l(-22)?
-1
Let w(t) = t - 1. Give w(4).
3
Let i(j) = 2*j**2 + 15*j - 40. What is i(-10)?
10
Let f(g) = -4*g**3 - 2*g**2 + 1. What is f(-2)?
25
Let y(i) = i**3 + 4*i**2 + i - 3. What is y(-3)?
3
Let l(a) = -a**3 - 8*a**2 + 3*a. What is l(-8)?
-24
Let l(k) = -k**2 - 8*k - 17. What is l(-7)?
-10
Let w(x) = x**3 - 10*x**2 + 7*x + 26. What is w(9)?
8
Let k(i) = -4*i - 91. What is k(-23)?
1
Let j(z) = 2*z**2 - 11*z + 14. What is j(6)?
20
Let w(d) = d**2 + 3*d - 20. Determine w(4).
8
Let n(r) = r**2 - 8*r + 3. Give n(6).
-9
Let q(c) = -c**2 + 6*c + 20. Determine q(8).
4
Let m(z) = -2*z**2 + 21*z - 11. Give m(11).
-22
Let t(l) = 4*l + 2. What is t(-3)?
-10
Let y(f) = -4*f + 3. Determine y(-3).
15
Let j(n) = -28*n**2 + 12*n - 26. Give j(2).
-114
Let c(z) = z**2 + 19*z - 51. Give c(-21).
-9
Let j(l) = -l. What is j(9)?
-9
Let i(j) = j**3 - 20*j**2 + 22*j - 59. Calculate i(19).
-2
Let h(x) = x**2 - x - 59. Calculate h(8).
-3
Let x(d) = d**3 + 8*d**2 - 8*d. Give x(-9).
-9
Let z(r) = -32*r**2 + r - 1. Calculate z(1).
-32
Let f(h) = h**2 + 14*h + 47. What is f(-8)?
-1
Let o(t) = 2*t + 56. What is o(-34)?
-12
Let r(z) = z - 9. Calculate r(-8).
-17
Let r(v) = v**2 - 7*v + 16. Determine r(7).
16
Let a(m) = m**3 - 5*m**2 - 5*m + 2. What is a(5)?
-23
Let l(a) = -4*a**2 - 16*a - 1. What is l(-5)?
-21
Let j(c) = -c**2 + 24*c - 54. Give j(22).
-10
Let k(u) = 2*u**3 - 2*u**2 - 6*u - 5. Give k(-1).
-3
Let f(r) = r - 29. Calculate f(28).
-1
Let v(p) = 3*p + 3. Determine v(8).
27
Let c(u) = -19*u - 22. Give c(-5).
73
Let v(b) = b**2 + 10*b + 17. Calculate v(-8).
1
Let r(w) = 39*w**3 - 2*w**2 - w. What is r(-1)?
-40
Let s(c) = c**3 + 7*c**2 + 6*c + 2. What is s(-6)?
2
Let m(h) = -2*h**3 - 3*h**2 + h. Determine m(-3).
24
Let w(p) = 10*p - 88. Determine w(9).
2
Let n(g) = -3*g + 38. What is n(14)?
-4
Let x(o) = -o**3 + 8*o**2 - 9*o - 4. What is x(7)?
-18
Let i(l) = -l**2 + 9*l - 1. Calculate i(9).
-1
Let u(k) = 4*k + 3. Give u(-5).
-17
Let g(m) = -2*m + 44. Calculate g(16).
12
Let f(t) = -t**3 + 9*t**2 + 4*t - 32. Determine f(9).
4
Let m(a) = a**3 - 5*a**2 - 22*a - 11. What is m(8)?
5
Let f(o) = -o**2 - 37*o - 105. Calculate f(-35).
-35
Let x(w) = 2*w**2 - w - 3. What is x(1)?
-2
Let t(z) = 27*z + 1. Calculate t(-1).
-26
Let u(j) = j**2 - 8*j + 10. Calculate u(7).
3
Let t(y) = -3*y**3 + 23*y**2 - 8*y - 11. Calculate t(7).
31
Let i(l) = l**3 - 5*l**2 + 6*l. Determine i(4).
8
Let p(d) = -d**2 + 9*d - 20. Calculate p(8).
-12
Let j(c) = -c**3 - 3*c**2 - 3*c - 5. Give j(-2).
-3
Let x(l) = -2*l**3 - l**2 - 2*l - 6. Determine x(0).
-6
Let j(f) = -8*f + 66. Calculate j(9).
-6
Let i(b) = -2*b**2 - 16*b - 24. Give i(-10).
-64
Let s(t) = 4*t - 6. What is s(4)?
10
Let q(g) = -6*g**3 + 2*g**2 + g + 7. What is q(3)?
-134
Let z(j) = 21*j**3 - j. What is z(1)?
20
Let v(t) = t**2 + 7*t + 17. What is v(-5)?
7
Let k(d) = -d**3 + 12*d**2 - 3*d - 14. Give k(11).
74
Let m(y) = 67*y**2 - y + 1. What is m(1)?
67
Let h(u) = u**2 - 7*u - 19. Calculate h(8).
-11
Let p(y) = -y**3 + 19*y**2 - 16*y - 34. Determine p(18).
2
Let c(k) = 105*k + 644. Give c(-6).
14
Let v(d) = 2*d**3 - d + 3. What is v(2)?
17
Let u(b) = -b - 4. What is u(-3)?
-1
Let l(r) = r**3 - 10*r**2 + 11*r + 9. Calculate l(9).
27
Let x(i) = i**3 + 17*i**2 + i + 12. Give x(-17).
-5
Let h(d) = -d + 1. What is h(-4)?
5
Let n(v) = -2*v**2 + 15*v + 24. Give n(9).
-3
Let o(z) = -3*z**2 + 19*z - 36. Determine o(3).
-6
Let z(c) = -20*c. Determine z(-1).
20
Let x(p) = -p**2 + 29*p - 76. Determine x(3).
2
Let n(g) = -3*g**2 - 12*g - 2. Give n(-6).
-38
Let g(r) = r**2 - 27*r - 422. Determine g(38).
-4
Let d(q) = -q**3 - 15*q**2 - 6*q + 18. Calculate d(-15).
108
Let p(h) = -h**2 + 3*h + 6. Give p(0).
6
Let q(f) = 6*f**3 - 4*f**2 + 3*f - 2. Give q(2).
36
Let z(v) = 4*v**2 + v - 4. Calculate z(2).
14
Let s(m) = m**3 -